{"id":3,"date":"2024-09-09T13:41:50","date_gmt":"2024-09-09T11:41:50","guid":{"rendered":"http:\/\/serwer298993.lh.pl\/?page_id=3"},"modified":"2024-09-28T18:28:44","modified_gmt":"2024-09-28T16:28:44","slug":"polityka-prywatnosci","status":"publish","type":"page","link":"https:\/\/cmslowianska.pl\/?page_id=3","title":{"rendered":"PRAWA PACJENTA"},"content":{"rendered":"<p style=\"text-align: center;\"><strong>PRAWA PACJENTA w Centrum Medycznym S\u0142owia\u0144ska <\/strong><br \/>\n<strong>to zbi\u00f3r zasad, kt\u00f3re zapewniaj\u0105 naszym Pacjentom <\/strong><br \/>\n<strong>dost\u0119p do informacji o ich stanie zdrowia, prawo do zgody na leczenie, <\/strong><br \/>\n<strong>a tak\u017ce prawo do zachowania prywatno\u015bci i godno\u015bci podczas leczenia.<\/strong><\/p>\n<p><span style=\"text-decoration: underline;\">PACJENT MA PRAWO DO:<\/span><\/p>\n<ol>\n<li><strong>\u015awiadcze\u0144 zdrowotnych odpowiadaj\u0105cych wymaganiom aktualnej wiedzy medycznej;<\/strong><\/li>\n<li><strong>Wyra\u017cania zgody albo odmowy na udzielenie \u015bwiadcze\u0144 zdrowotnych:<\/strong> Pacjent ma prawo do \u015bwiadomej zgody lub odmowy leczenia;<\/li>\n<li><strong>Pacjent ma prawo, w sytuacji ograniczonych mo\u017cliwo\u015bci udzielenia odpowiednich \u015bwiadcze\u0144 zdrowotnych, <\/strong><br \/>\n<strong>do przejrzystej, obiektywnej, opartej na kryteriach medycznych, procedury ustalaj\u0105cej kolejno\u015b\u0107 dost\u0119pu do tych \u015bwiadcze\u0144;<\/strong><\/li>\n<li><strong>Informacji o rodzaju i zakresie udzielanych \u015bwiadcze\u0144 zdrowotnych;<\/strong><\/li>\n<li><strong>Prawo do tajemnicy informacji:<\/strong> Informacje o stanie zdrowia pacjenta s\u0105 poufne i chronione;<\/li>\n<li><strong>Prawo do zg\u0142aszania niepo\u017c\u0105danych dzia\u0142a\u0144 produkt\u00f3w leczniczych:<\/strong> Pacjent mo\u017ce zg\u0142asza\u0107 niepo\u017c\u0105dane skutki lek\u00f3w;<\/li>\n<li><strong>Prawo do zg\u0142aszania sprzeciwu wobec opinii albo orzeczenia lekarza: <\/strong>Pacjent mo\u017ce wyrazi\u0107 swoje zastrze\u017cenia wobec decyzji lekarskich;<\/li>\n<li><strong>Prawo do dost\u0119pu do dokumentacji medycznej:<\/strong> Pacjent ma prawo do wgl\u0105du w swoj\u0105 dokumentacj\u0119 medyczn\u0105, w tym wyniki bada\u0144, diagnozy i zalecenia lekarskie;<\/li>\n<li><strong>Prawo do informacji o stanie zdrowia:<\/strong> Pacjent ma prawo do pe\u0142nej i zrozumia\u0142ej informacji na temat swojego stanu zdrowia oraz planowanego leczenia;<\/li>\n<li><strong>Prawo do godno\u015bci i szacunku:<\/strong> Ka\u017cdy pacjent ma prawo do godnego i szanuj\u0105cego traktowania przez personel medyczny;<\/li>\n<li><strong>Prawo do poszanowania \u017cycia prywatnego i rodzinnego;<\/strong><\/li>\n<li><strong>Prawo do rezygnacji z leczenia:<\/strong> Pacjent ma prawo do odmowy leczenia, ale powinien by\u0107 poinformowany o konsekwencjach takiej decyzji.<\/li>\n<\/ol>\n<p style=\"text-align: center;\"><em>W razie pyta\u0144 prosimy o kontakt z Biurem Rzecznika Praw Pacjenta:<\/em><br \/>\n<em>ul. P\u0142ocka 11\/13; 01-231 Warszawa; tel. 800 190 590; <a href=\"https:\/\/www.gov.pl\/web\/rpp\/\">https:\/\/www.gov.pl\/web\/rpp\/<\/a><\/em><\/p>\n<p style=\"text-align: center;\"><strong>Prawa pacjenta oraz zasady funkcjonowania Rzecznika Praw Pacjenta wynikaj\u0105<\/strong><br \/>\n<strong>z Ustawy z dnia 6 listopada 2008 r. o prawach pacjenta i Rzeczniku Praw Pacjenta<\/strong><\/p>\n","protected":false},"excerpt":{"rendered":"<p>PRAWA PACJENTA w Centrum Medycznym S\u0142owia\u0144ska to zbi\u00f3r zasad, kt\u00f3re zapewniaj\u0105 naszym Pacjentom dost\u0119p do informacji o ich stanie zdrowia, prawo do zgody na leczenie, a tak\u017ce prawo do zachowania prywatno\u015bci i godno\u015bci podczas leczenia. PACJENT MA PRAWO DO: \u015awiadcze\u0144 zdrowotnych odpowiadaj\u0105cych wymaganiom aktualnej wiedzy medycznej; Wyra\u017cania zgody albo odmowy<\/p>\n","protected":false},"author":1,"featured_media":0,"parent":0,"menu_order":0,"comment_status":"closed","ping_status":"closed","template":"","meta":{"footnotes":""},"class_list":["post-3","page","type-page","status-publish","hentry"],"_links":{"self":[{"href":"https:\/\/cmslowianska.pl\/index.php?rest_route=\/wp\/v2\/pages\/3","targetHints":{"allow":["GET"]}}],"collection":[{"href":"https:\/\/cmslowianska.pl\/index.php?rest_route=\/wp\/v2\/pages"}],"about":[{"href":"https:\/\/cmslowianska.pl\/index.php?rest_route=\/wp\/v2\/types\/page"}],"author":[{"embeddable":true,"href":"https:\/\/cmslowianska.pl\/index.php?rest_route=\/wp\/v2\/users\/1"}],"replies":[{"embeddable":true,"href":"https:\/\/cmslowianska.pl\/index.php?rest_route=%2Fwp%2Fv2%2Fcomments&post=3"}],"version-history":[{"count":2,"href":"https:\/\/cmslowianska.pl\/index.php?rest_route=\/wp\/v2\/pages\/3\/revisions"}],"predecessor-version":[{"id":2405,"href":"https:\/\/cmslowianska.pl\/index.php?rest_route=\/wp\/v2\/pages\/3\/revisions\/2405"}],"wp:attachment":[{"href":"https:\/\/cmslowianska.pl\/index.php?rest_route=%2Fwp%2Fv2%2Fmedia&parent=3"}],"curies":[{"name":"wp","href":"https:\/\/api.w.org\/{rel}","templated":true}]}}